{"id":6,"date":"2015-08-25T08:20:55","date_gmt":"2015-08-25T06:20:55","guid":{"rendered":"http:\/\/www.vonicka.eu\/?page_id=6"},"modified":"2024-10-21T22:04:30","modified_gmt":"2024-10-21T20:04:30","slug":"soucasnost","status":"publish","type":"page","link":"https:\/\/www.vonicka.eu\/?page_id=6","title":{"rendered":"Sou\u010dasnost"},"content":{"rendered":"<table width=\"100%\">\n<tbody>\n<tr>\n<td class=\"hlavni\">Za podporu d\u011bkujeme Domu kultury s.r.o. a Statut\u00e1rn\u00edmu m\u011bstu Zl\u00edn.<img decoding=\"async\" src=\"http:\/\/www.vonicka.unas.cz\/Zdroje\/soucasnost2.jpg\" alt=\"\" \/><br \/>\nSoubor m\u00e1 dnes okolo 70 \u010dlen\u016f. Najdete tu t\u0159\u00edlet\u00e9 d\u011bti i patn\u00e1ctilet\u00e9 skoro dosp\u011bl\u00e1ky. Proto\u017ee je to velk\u00fd v\u011bkov\u00fd rozd\u00edl, pracuje soubor ve t\u0159ech samostatn\u00fdch skupin\u00e1ch.<\/p>\n<p><b>nejmen\u0161\u00ed d\u011bti Voni\u010dky<\/b>:<br \/>\nAsi 30 d\u011bt\u00ed ve v\u011bku od 3 do 6 let se u\u010d\u00ed jednoduch\u00e9 tane\u010dky, \u0159\u00edkadla, rozpo\u010d\u00edtadla a hlavn\u011b spoustu p\u00edsni\u010dek z Podlu\u017e\u00ed. Pod veden\u00edm ob\u011btav\u00fdch tet se tak\u00e9 nau\u010d\u00ed spoustu her a sout\u011b\u017e\u00ed. Toto v\u0161echno maj\u00ed za\u0159azeno ve sv\u00fdch n\u011bkolika samostatn\u00fdch p\u00e1smech.<\/p>\n<p><b>star\u0161\u00ed d\u011bti Voni\u010dky<\/b>:<br \/>\nI tato skupina m\u00e1 pr\u016fm\u011brn\u011b 30 \u010dlen\u016f ve v\u011bku od 6 do 14 let.\u00a0 N\u00e1cviky t\u00e9to skupiny jsou ji\u017e n\u00e1ro\u010dn\u011bj\u0161\u00ed. Tance jsou ji\u017e vlastn\u011b tanci dosp\u011bl\u00fdch, i kdy\u017e jsou zpracov\u00e1ny v choreografi\u00edch \u00fam\u011brn\u00fdch jejich v\u011bku. I tato skupina m\u00e1 ve sv\u00fdch p\u00e1smech tance a p\u00edsni\u010dky z Podlu\u017e\u00ed.<\/p>\n<p><b>nejstar\u0161\u00ed d\u011bti Voni\u010dky \u2013 teda u\u017e skoro ani ne d\u011bti<\/b>:<br \/>\nTuto skupinu tvo\u0159\u00ed asi 15 tane\u010dnic a tane\u010dn\u00edk\u016f, kte\u0159\u00ed se u\u010d\u00ed pozn\u00e1vat folk\u00f3r i dal\u0161\u00edch oblast\u00ed \u2013 Moravsk\u00fdch Kopanic, Luha\u010dovick\u00e9ho Z\u00e1les\u00ed a Dol\u0148\u00e1cka. Ve sv\u00e9m programu maj\u00ed i tance ze Slovenska a jeden d\u00edv\u010d\u00ed tanec ma\u010farsk\u00fd.<\/p>\n<p><b>Muzika<\/b>:<br \/>\nZa dobu sv\u00e9ho trv\u00e1n\u00ed m\u011bl soubor v\u017edy vlastn\u00ed cimb\u00e1lovou muziku. Do dne\u0161n\u00ed doby to byly \u010dty\u0159i muziky.<\/p>\n<p>Cimb\u00e1lov\u00e1 muzika <strong>Pal\u00e9ska\u00a0<\/strong>spolupracuje s Voni\u010dkou u\u017e od devades\u00e1t\u00fdch let minul\u00e9ho stolet\u00ed. Ofici\u00e1ln\u00edm rokem vzniku muziky je rok 2003, kdy za\u010dala p\u016fsobit pod sv\u00fdm n\u00e1zvem.\u00a0Jsme moc r\u00e1di za tuto kamar\u00e1dskou spolupr\u00e1ci.<\/p>\n<p><b>Veden\u00ed Voni\u010dky<\/b>:<\/p>\n<table style=\"height: 536px;\" width=\"746\">\n<tbody>\n<tr>\n<td colspan=\"2\"><strong>Veden\u00ed souboru v sez\u00f3n\u011b 2023\/2024<\/strong>:N\u00e1cviky jednotliv\u00fdch skupin:<\/td>\n<\/tr>\n<tr>\n<td>nejmen\u0161\u00ed d\u011bti &#8211; Voni\u010dka I<\/td>\n<td>Gabriela Katru\u0161\u00e1kov\u00e1, Jitka Kvapilov\u00e1, Blanka St\u0159elcov\u00e1<\/td>\n<\/tr>\n<tr>\n<td>star\u0161\u00ed d\u011bti &#8211; Voni\u010dka II<\/td>\n<td>Anna Mach\u00e1\u010dkov\u00e1, Stanislav \u0160kubal, Zden\u011bk Mach\u00e1\u010dek, Michaela Borah, Kamila Kov\u00e1\u010dov\u00e1<\/td>\n<\/tr>\n<tr>\n<td>nejstar\u0161\u00ed skupina\u00a0 &#8211; Voni\u010dka III<\/td>\n<td>Anna Mach\u00e1\u010dkov\u00e1, Stanislav \u0160kubal<\/td>\n<\/tr>\n<tr>\n<td>hospod\u00e1\u0159ka souboru<\/td>\n<td>Alena Van\u00ed\u010dkov\u00e1<\/td>\n<\/tr>\n<tr>\n<td>kronik\u00e1\u0159, technick\u00e9 z\u00e1zem\u00ed<\/td>\n<td>Jaroslav Ko\u017eeluha<\/td>\n<\/tr>\n<tr>\n<td><\/td>\n<\/tr>\n<tr>\n<td colspan=\"2\"><\/td>\n<\/tr>\n<tr>\n<td><\/td>\n<td><\/td>\n<\/tr>\n<tr>\n<td><\/td>\n<td><\/td>\n<\/tr>\n<tr>\n<td>\n<table style=\"height: 424px;\" width=\"283\">\n<tbody>\n<tr>\n<td><\/td>\n<\/tr>\n<\/tbody>\n<\/table>\n<\/td>\n<td><\/td>\n<\/tr>\n<tr>\n<td valign=\"top\"><\/td>\n<td><\/td>\n<\/tr>\n<\/tbody>\n<\/table>\n<p>Voni\u010dka byla od roku 1993 registrov\u00e1na jako ob\u010dansk\u00e9 sdru\u017een\u00ed. V roce 2015 byla Voni\u010dka zaps\u00e1na jako zapsan\u00fd spolek u rejst\u0159\u00edkov\u00e9ho soudu v Brn\u011b jako Voni\u010dka Zl\u00edn, z. s.<\/td>\n<\/tr>\n<\/tbody>\n<\/table>\n","protected":false},"excerpt":{"rendered":"<p>Za podporu d\u011bkujeme Domu kultury s.r.o. a Statut\u00e1rn\u00edmu m\u011bstu Zl\u00edn. Soubor m\u00e1 dnes okolo 70 \u010dlen\u016f. Najdete tu t\u0159\u00edlet\u00e9 d\u011bti i patn\u00e1ctilet\u00e9 skoro dosp\u011bl\u00e1ky. Proto\u017ee je to velk\u00fd v\u011bkov\u00fd rozd\u00edl, pracuje soubor ve t\u0159ech samostatn\u00fdch skupin\u00e1ch. nejmen\u0161\u00ed d\u011bti Voni\u010dky: Asi 30 d\u011bt\u00ed ve v\u011bku od 3 do 6 let se u\u010d\u00ed jednoduch\u00e9 tane\u010dky, \u0159\u00edkadla, rozpo\u010d\u00edtadla [&hellip;]<\/p>\n","protected":false},"author":1,"featured_media":0,"parent":0,"menu_order":0,"comment_status":"closed","ping_status":"closed","template":"","meta":{"footnotes":""},"_links":{"self":[{"href":"https:\/\/www.vonicka.eu\/index.php?rest_route=\/wp\/v2\/pages\/6"}],"collection":[{"href":"https:\/\/www.vonicka.eu\/index.php?rest_route=\/wp\/v2\/pages"}],"about":[{"href":"https:\/\/www.vonicka.eu\/index.php?rest_route=\/wp\/v2\/types\/page"}],"author":[{"embeddable":true,"href":"https:\/\/www.vonicka.eu\/index.php?rest_route=\/wp\/v2\/users\/1"}],"replies":[{"embeddable":true,"href":"https:\/\/www.vonicka.eu\/index.php?rest_route=%2Fwp%2Fv2%2Fcomments&post=6"}],"version-history":[{"count":13,"href":"https:\/\/www.vonicka.eu\/index.php?rest_route=\/wp\/v2\/pages\/6\/revisions"}],"predecessor-version":[{"id":709,"href":"https:\/\/www.vonicka.eu\/index.php?rest_route=\/wp\/v2\/pages\/6\/revisions\/709"}],"wp:attachment":[{"href":"https:\/\/www.vonicka.eu\/index.php?rest_route=%2Fwp%2Fv2%2Fmedia&parent=6"}],"curies":[{"name":"wp","href":"https:\/\/api.w.org\/{rel}","templated":true}]}}

Současnost

<table width="100%">
<tbody>
<tr>
<td class="hlavni">Za podporu děkujeme Domu kultury s.r.o. a Statutárnímu městu Zlín.<img decoding="async" src="http://www.vonicka.unas.cz/Zdroje/soucasnost2.jpg" alt="" /><br />
Soubor má dnes okolo 70 členů. Najdete tu tříleté děti i patnáctileté skoro dospěláky. Protože je to velký věkový rozdíl, pracuje soubor ve třech samostatných skupinách.</p>
<p><b>nejmenší děti Voničky</b>:<br />
Asi 30 dětí ve věku od 3 do 6 let se učí jednoduché tanečky, říkadla, rozpočítadla a hlavně spoustu písniček z Podluží. Pod vedením obětavých tet se také naučí spoustu her a soutěží. Toto všechno mají zařazeno ve svých několika samostatných pásmech.</p>
<p><b>starší děti Voničky</b>:<br />
I tato skupina má průměrně 30 členů ve věku od 6 do 14 let.  Nácviky této skupiny jsou již náročnější. Tance jsou již vlastně tanci dospělých, i když jsou zpracovány v choreografiích úměrných jejich věku. I tato skupina má ve svých pásmech tance a písničky z Podluží.</p>
<p><b>nejstarší děti Voničky – teda už skoro ani ne děti</b>:<br />
Tuto skupinu tvoří asi 15 tanečnic a tanečníků, kteří se učí poznávat folkór i dalších oblastí – Moravských Kopanic, Luhačovického Zálesí a Dolňácka. Ve svém programu mají i tance ze Slovenska a jeden dívčí tanec maďarský.</p>
<p><b>Muzika</b>:<br />
Za dobu svého trvání měl soubor vždy vlastní cimbálovou muziku. Do dnešní doby to byly čtyři muziky.</p>
<p>Cimbálová muzika <strong>Paléska </strong>spolupracuje s Voničkou už od devadesátých let minulého století. Oficiálním rokem vzniku muziky je rok 2003, kdy začala působit pod svým názvem. Jsme moc rádi za tuto kamarádskou spolupráci.</p>
<p><b>Vedení Voničky</b>:</p>
<table style="height: 536px;" width="746">
<tbody>
<tr>
<td colspan="2"><strong>Vedení souboru v sezóně 2023/2024</strong>:Nácviky jednotlivých skupin:</td>
</tr>
<tr>
<td>nejmenší děti &#8211; Vonička I</td>
<td>Gabriela Katrušáková, Jitka Kvapilová, Blanka Střelcová</td>
</tr>
<tr>
<td>starší děti &#8211; Vonička II</td>
<td>Anna Macháčková, Stanislav Škubal, Zdeněk Macháček, Michaela Borah, Kamila Kováčová</td>
</tr>
<tr>
<td>nejstarší skupina  &#8211; Vonička III</td>
<td>Anna Macháčková, Stanislav Škubal</td>
</tr>
<tr>
<td>hospodářka souboru</td>
<td>Alena Vaníčková</td>
</tr>
<tr>
<td>kronikář, technické zázemí</td>
<td>Jaroslav Koželuha</td>
</tr>
<tr>
<td></td>
</tr>
<tr>
<td colspan="2"></td>
</tr>
<tr>
<td></td>
<td></td>
</tr>
<tr>
<td></td>
<td></td>
</tr>
<tr>
<td>
<table style="height: 424px;" width="283">
<tbody>
<tr>
<td></td>
</tr>
</tbody>
</table>
</td>
<td></td>
</tr>
<tr>
<td valign="top"></td>
<td></td>
</tr>
</tbody>
</table>
<p>Vonička byla od roku 1993 registrována jako občanské sdružení. V roce 2015 byla Vonička zapsána jako zapsaný spolek u rejstříkového soudu v Brně jako Vonička Zlín, z. s.</td>
</tr>
</tbody>
</table>

<p>Za podporu děkujeme Domu kultury s.r.o. a Statutárnímu městu Zlín. Soubor má dnes okolo 70 členů. Najdete tu tříleté děti i patnáctileté skoro dospěláky. Protože je to velký věkový rozdíl, pracuje soubor ve třech samostatných skupinách. nejmenší děti Voničky: Asi 30 dětí ve věku od 3 do 6 let se učí jednoduché tanečky, říkadla, rozpočítadla [&hellip;]</p>
